e prime factors of q?
2
Suppose -15 = -5*w + 5. Suppose u - 20 = -w*a - 4*u, 3*a = 4*u - 16. Suppose -l - 2*l + 81 = a. What are the prime factors of l?
3
List the prime factors of (-1 + -9)/(6/(-258)).
2, 5, 43
Suppose 0 = 4*l + 10*c - 5*c + 17, -l = -c - 7. Let s = 111 + -44. Suppose l*p - s = 7. What are the prime factors of p?
37
Let d = -8 + -40. Let i = -82 - d. Let c = -22 - i. List the prime factors of c.
2, 3
Let g(r) = 11*r**2 - 2*r - 1. Suppose v - 4*p + p = -1, -2*v + p + 3 = 0. Suppose -v*w + 6 = w. What are the prime factors of g(w)?
3, 13
Let r(q) = 3*q - 4. Let o be r(3). Suppose 58 = 5*s + 13. List the prime factors of s/15 - (-192)/o.
3, 13
Suppose -3*v + 10 = 2*d, 3*v - 4 = 5*d - 29. Suppose -25 = d*r + 3*c - 305, -c = -5*r + 300. List the prime factors of r.
59
Let c(g) = -g**3 - g**2 + g + 30. Suppose 3*a - k = -4, 0 = a + a - 3*k + 12. List the prime factors of c(a).
2, 3, 5
Let j = 2 + 3. Suppose 3*t + j*s + 20 = -2*t, t = 5*s + 14. Let w(i) = 15*i**2 - 2*i - 1. List the prime factors of w(t).
2
Let b be (0 + 3/9)*-3*7. What are the prime factors of (7/2)/(b/(-14))?
7
Suppose k - 12*m = -17*m + 629, -2*k - 4*m = -1270. What are the prime factors of k?
3, 71
Let q(x) = 23*x**3 + x**2 + 4*x + 6. List the prime factors of q(4).
2, 5, 151
Suppose 0 = 2*z - 3*z + 4. Suppose q + z*m - 50 = 0, -3*q = 4*m - 2*m - 140. What are the prime factors of q?
2, 23
Let y be (-4)/3*-3 - -1. Let b be (-1)/y + (-144)/30. Let v = -3 - b. List the prime factors of v.
2
List the prime factors of 772/(-96)*-267 - (-3)/(-24).
19, 113
Let j be (-2)/3 - (-40)/15. What are the prime factors of 3 + 426/10 + j/5?
2, 23
Suppose 59 = -2*r + 4*c + 5, -3*c = -4*r - 98. Let d = r - -89. What are the prime factors of d?
2, 3, 11
Let x = 11 - 7. Let s be (0 + (-5)/10)*-36. Suppose x*o + 6*f - f - s = 0, 5*o + 5*f - 25 = 0. List the prime factors of o.
7
Let u be -14*(-3)/(-6) + 4. Let l = 1 + u. Let w(r) = -r**2 - 3*r + 3. List the prime factors of w(l).
5
Let c be 3 + (0 - 4/(4/(-1))). Suppose -c*k + 2*k + 144 = 4*o, 4*o = 3*k + 124. List the prime factors of o.
2, 17
Let c(o) = -2*o**2 - 25*o + 4. Let p(j) = j**2 + 13*j - 2. Let d(b) = 6*c(b) + 11*p(b). Let g be d(-5). List the prime factors of (-118)/(-4) + g/24.
2, 3, 5
Let f be 1 + (-1)/((1 + 0)*1). Suppose f = 3*x - 7*x + 416. List the prime factors of x.
2, 13
Suppose 62 = m + 4*u, m - 2*m + 70 = 2*u. Let a = m + -31. What are the prime factors of a?
47
Let v(y) = -220*y + 15. List the prime factors of v(-3).
3, 5
Let k(l) be the second derivative of 5*l**3/3 + 5*l**2 + 7*l. List the prime factors of k(5).
2, 3, 5
Let h be (-9)/(-3) + (-4 - 1). List the prime factors of (-32)/18 - h - 2680/(-9).
2, 149
Let l(v) = v**3 + 23*v**2 + 44*v + 95. What are the prime factors of l(-21)?
53
Let m(i) = -i**3 - 8*i**2 - 4*i + 23. Let c(x) = x**2 + x + 1. Let s(v) = 6*c(v) - m(v). Let o be s(-13). Suppose 26 + o = 4*f. What are the prime factors of f?
2, 3
What are the prime factors of ((-39144)/(-112))/(6/4)?
233
Let b(p) = -80*p. Let i be b(-1). What are the prime factors of (-2)/(76/i - 1)?
2, 5
Suppose 200 = 12*m - 7*m. What are the prime factors of (-3)/((-3)/m) + -1?
3, 13
Let z(l) = 87*l**2 + 2*l. Let o = -21 + 22. List the prime factors of z(o).
89
Let m(x) = 17*x**2 + 17*x**2 - 27 - 32*x**2 - 5*x. List the prime factors of m(11).
2, 5
Let u(i) = i**2 - 10*i + 3. Let q be u(5). Let n = -19 - q. List the prime factors of n.
3
Let k = -1534 - -1532. Suppose -4*s - 20 = -8*s. What are the prime factors of (-6 + s)/(k/4)?
2
Let y be (0/(-2))/((-3 - 1)/4). Suppose 0*t - 359 = -4*t + i, y = -2*t - 5*i + 163. What are the prime factors of t?
89
Suppose 4*u + 6*z = 5*z + 4864, -5*z - 2410 = -2*u. What are the prime factors of u?
3, 5
Let i(a) be the second derivative of a**3/6 + 3*a**2/2 - 3*a. Let l be i(0). Suppose 0 = -o + 5*q + 11, -6*q + l*q = -9. List the prime factors of o.
2, 13
Suppose -4*t + 20 = -4. Suppose -t = -5*f + 9. Suppose -3*u + 30 = f*b, -2*b + 20 = -0*b + 5*u. What are the prime factors of b?
2, 5
Suppose -4500 = 155*t - 164*t. List the prime factors of t.
2, 5
Let d(r) = r**3 + 2*r**2 + 4. Let t = 8 - 8. Let u be d(t). Suppose -56 = -0*i - u*i. What are the prime factors of i?
2, 7
Let n = 546 - 54. What are the prime factors of n?
2, 3, 41
List the prime factors of -8 - (-185055)/85 - (-2)/(-17).
3, 241
List the prime factors of (51194/26)/((-1)/(-1)).
11, 179
Let y = -11 - -15. Suppose 4*n = -y*n + 1016. List the prime factors of n.
127
Suppose 2*t + 702 = 5*j - 0*t, -3*j + 416 = 4*t. Let f = 262 - j. What are the prime factors of f?
2, 61
Suppose 225 = 7*w + 64. What are the prime factors of w?
23
Suppose 3*j - 4*m - 11 = 0, -2*j = m - 10 - 12. Suppose 4*q = j*q. Suppose 2*i - 6*i + 24 = q. What are the prime factors of i?
2, 3
Suppose -129 = -10*s + 471. What are the prime factors of s?
2, 3, 5
Let k(o) be the first derivative of 15*o**3 - 5*o**2/2 + 2*o + 15. List the prime factors of k(2).
2, 43
Suppose -42*f = 9 - 513. What are the prime factors of f?
2, 3
Suppose t = -2*s, -5*t + 3*s + 46 = 20. Let b(p) = p**2 - 5*p + 4. Let j be b(t). List the prime factors of 7 + (-3)/9*j.
7
Suppose -4*m + 14*m = 5350. What are the prime factors of m?
5, 107
Suppose 2*s = 312 + 1080. List the prime factors of s.
2, 3, 29
Let r = 3305 - 1520. List the prime factors of r.
3, 5, 7, 17
Let y = 459 - 374. List the prime factors of y.
5, 17
Let u(q) = 4*q**3 - 2*q**2 + 45*q + 9. List the prime factors of u(8).
3, 7, 109
Let m = 43 + 285. List the prime factors of m.
2, 41
Let d be 15/9*(-30)/(-2). Suppose -49 = -f + 3. Let v = f - d. List the prime factors of v.
3
Let b be (-5 + 5)/(-1 + -1). Suppose 3*i + 0*i = 4*q + 50, b = 5*q + 4*i + 78. What are the prime factors of (-12)/(-42) - 94/q?
7
Let o = -24 + 122. Suppose 5*y - o = -3. List the prime factors of y.
19
List the prime factors of (9 - 80 - 6)/(3/(-33)).
7, 11
Let o(j) = 122*j**2 - 5*j - 2. What are the prime factors of o(-2)?
2, 31
Suppose -2*t - a = -743, 2*t + a - 5*a = 758. List the prime factors of t.
373
Let x(m) = -2*m**2 + 11*m + 13. Let j be x(-4). Let s = j - -122. List the prime factors of s.
59
Suppose -3*s = 3*q + 2*q - 26, -5*q = 5*s - 30. Suppose 5*m + 260 = s*h - 231, 0 = m + 5. What are the prime factors of h?
233
Suppose -3 = 2*r - 3*h - 0*h, 5*r - h + 27 = 0. Let z(n) = -23*n + 6. List the prime factors of z(r).
2, 3
Suppose 4*f + 40 = -0*f. Let t be -2*f*4/16. Suppose 4*r = 12, 4*o - 2*r - 73 = -t*r. List the prime factors of o.
2
Let i be (1 - 18/4)*-2. Let k(p) = -3*p**2 - 10 + 3*p - p + 7*p + 2*p**2. What are the prime factors of k(i)?
2
Let r(q) = q**2 - 6*q + 7. Let v be r(5). Suppose -2*b - v = -4*b + 4*f, 2*b = 2*f + 4. What are the prime factors of (6 - 3)/b + 5?
2, 3
Suppose 0 = -4*g - g + 15. Suppose -3*f + 7 = 2*l, 2*l - g*f + 7*f = 12. List the prime factors of -1 + 32 + -3 + l.
2, 3
Suppose 5*j - 32 = 2*l, -36 = -2*j - 11*l + 6*l. Suppose -a = -7*y + j*y - 96, 0 = -y + a + 104. What are the prime factors of y?
2, 5
Suppose 2*r + 2*g = -48, -5*r - 3*g + g = 105. Let h = r + 31. Suppose 2*f - 96 = -h. List the prime factors of f.
2, 3, 7
List the prime factors of ((-626)/(-6))/(116/4524).
13, 313
Let y(i) = 4*i**2 + 9*i + 6. Let a be y(9). Suppose -5*o - 2*c + 688 - 22 = 0, -3*o = 5*c - a. What are the prime factors of o?
2, 3, 11
Let v = 309 + -455. Let s = v + 257. What are the prime factors of s?
3, 37
Let q be 224/(-10) + (-4)/(-10). Let y(b) = 2*b - 10. Let x be y(-5). Let h = x - q. List the prime factors of h.
2
Let j(v) = -v**2 - 8*v - 4. Let m be j(-7). List the prime factors of 75*(-1 - (-5)/m).
2, 5
Let k = 1054 - 495. List the prime factors of k.
13, 43
Let x(o) = 3*o**2 - 1 + 2 + 6*o - 7*o. Let w be x(-2). Let b = 1 + w. List the prime factors of b.
2
Suppose -18*n + 15*n + 888 = 0. What are the prime factors of n?
2, 37
Suppose 5*x - 22 - 3 = 0. List the prime factors of (1 + (x - 7))*(-24 + 1).
23
Let j be 7 + 3 + -7 + 4. Suppose 4*i - j = 5. List the prime factors of (i - 1)/(2/55).
5, 11
Let z(w) = 7*w + 4. Let m(o) = 2*o + 24. Let k be m(-10). Let v be z(k). Let j = v - 4. List the prime factors of j.
2, 7
Let h(u) = -21*u - 21. Let t = -121 - -113. List the prime factors of h(t).
3, 7
Suppos